{"id":13,"date":"2021-10-28T00:06:04","date_gmt":"2021-10-28T00:06:04","guid":{"rendered":"https:\/\/janiskiimoveis.com.br\/?page_id=13"},"modified":"2023-09-25T23:31:25","modified_gmt":"2023-09-25T23:31:25","slug":"home-2","status":"publish","type":"page","link":"https:\/\/janiskiimoveis.com.br\/","title":{"rendered":"Home"},"content":{"rendered":"\n<section class=\"wp-block-uagb-section uagb-section__wrap uagb-section__background-image uagb-block-f71718bf\"><div class=\"uagb-section__overlay\"><\/div><div class=\"uagb-section__inner-wrap\">\n<p class=\"has-text-align-center has-ast-global-color-5-color has-text-color\" style=\"font-size:25px\">26 anos de tradi\u00e7\u00e3o e bom atendimento no ramo imobili\u00e1rio!<\/p>\n<\/div><\/section>\n\n\n\n<section class=\"wp-block-uagb-section uagb-section__wrap uagb-section__background-image uagb-block-95f34b81\"><div class=\"uagb-section__overlay\"><\/div><div class=\"uagb-section__inner-wrap\">\n<div class=\"wp-block-media-text has-media-on-the-right is-stacked-on-mobile is-vertically-aligned-top\" style=\"grid-template-columns:auto 35%\"><div class=\"wp-block-media-text__content\">\n<p class=\"has-text-color\" style=\"color:#002456;font-size:29px\"><strong>Janiski Corretor de Im\u00f3veis<\/strong><\/p>\n\n\n\n<h3 class=\"wp-block-heading\"><strong>Atendimento<\/strong><\/h3>\n\n\n\n<p class=\"has-text-color has-medium-font-size\" style=\"color:#002456\">Segunda \u00e0 Sexta:<br>8:30h \u00e0s 11:30<br>13:30 \u00e0s 17:30<\/p>\n\n\n\n<p class=\"has-text-color has-medium-font-size\" style=\"color:#002456\"><strong>Endere\u00e7o: <\/strong>Rua Cel. Pires, 1465 &#8211; Irati\/PR<strong><br>email:<\/strong>janiskiimoveis@janiskiimoveis.com.br<\/p>\n<\/div><figure class=\"wp-block-media-text__media\"><img loading=\"lazy\" decoding=\"async\" width=\"250\" height=\"167\" src=\"https:\/\/janiskiimoveis.com.br\/wp-content\/uploads\/2021\/10\/home02.jpg\" alt=\"\" class=\"wp-image-27 size-full\"\/><\/figure><\/div>\n<\/div><\/section>\n\n\n\n<section class=\"wp-block-uagb-section uagb-section__wrap uagb-section__background-color uagb-block-de620146\"><div class=\"uagb-section__overlay\"><\/div><div class=\"uagb-section__inner-wrap\">\n<div class=\"wp-block-columns is-layout-flex wp-container-core-columns-is-layout-9d6595d7 wp-block-columns-is-layout-flex\">\n<div class=\"wp-block-column is-layout-flow wp-block-column-is-layout-flow\">\n<div class=\"wp-block-uagb-info-box uagb-infobox__outer-wrap uagb-block-dcff0116\"><div class=\"uagb-infobox__content-wrap uagb-infobox uagb-infobox-has-icon uagb-infobox-icon-above-title uagb-infobox-image-valign-top uagb-infobox-enable-border-radius \"><div class=\"uagb-ifb-left-right-wrap\"><div class=\"uagb-ifb-content\"><div class=\"uagb-ifb-title-wrap\"><h3 class=\"uagb-ifb-title\">Menus<\/h3><\/div><div class=\"uagb-ifb-text-wrap\"><p class=\"uagb-ifb-desc\"><a href=\"https:\/\/janiskiimoveis.com.br\/\" data-type=\"URL\" data-id=\"https:\/\/janiskiimoveis.com.br\/\"><span style=\"color:#ffffff\" class=\"has-inline-color\">Home<\/span><\/a><br><a href=\"https:\/\/janiskiimoveis.com.br\/index.php\/locacao-2\/\" data-type=\"URL\" data-id=\"https:\/\/janiskiimoveis.com.br\/index.php\/locacao-2\/\"><span style=\"color:#ffffff\" class=\"has-inline-color\">Loca\u00e7\u00e3o<\/span><\/a><br><a href=\"https:\/\/janiskiimoveis.com.br\/index.php\/vendas-2\/\" data-type=\"URL\" data-id=\"https:\/\/janiskiimoveis.com.br\/index.php\/vendas-2\/\"><span style=\"color:#ffffff\" class=\"has-inline-color\">Vendas<\/span><\/a><br><a href=\"https:\/\/janiskiimoveis.com.br\/index.php\/contato-2\/\" data-type=\"URL\" data-id=\"https:\/\/janiskiimoveis.com.br\/index.php\/contato-2\/\"><span class=\"has-inline-color has-ast-global-color-5-color\">Contato<\/span><\/a><\/p><\/div><\/div><\/div><\/div><\/div>\n<\/div>\n\n\n\n<div class=\"wp-block-column is-layout-flow wp-block-column-is-layout-flow\">\n<div class=\"wp-block-uagb-info-box uagb-infobox__outer-wrap uagb-block-47dbf95e\"><div class=\"uagb-infobox__content-wrap uagb-infobox uagb-infobox-has-icon uagb-infobox-icon-above-title uagb-infobox-image-valign-top uagb-infobox-enable-border-radius \"><div class=\"uagb-ifb-left-right-wrap\"><div class=\"uagb-ifb-content\"><div class=\"uagb-ifb-title-wrap\"><h3 class=\"uagb-ifb-title\">Atendimento<\/h3><\/div><div class=\"uagb-ifb-text-wrap\"><p class=\"uagb-ifb-desc\">Segunda \u00e0 Sexta:<br>8:30h \u00e0s 11:30<br>13:30 \u00e0s 17:30.<\/p><\/div><\/div><\/div><\/div><\/div>\n<\/div>\n\n\n\n<div class=\"wp-block-column is-layout-flow wp-block-column-is-layout-flow\">\n<div class=\"wp-block-uagb-info-box uagb-infobox__outer-wrap uagb-block-ec3cad87\"><div class=\"uagb-infobox__content-wrap uagb-infobox uagb-infobox-has-icon uagb-infobox-icon-above-title uagb-infobox-image-valign-top uagb-infobox-enable-border-radius \"><div class=\"uagb-ifb-left-right-wrap\"><div class=\"uagb-ifb-content\"><div class=\"uagb-ifb-title-wrap\"><h3 class=\"uagb-ifb-title\">Localiza\u00e7\u00e3o<\/h3><\/div><div class=\"uagb-ifb-text-wrap\"><p class=\"uagb-ifb-desc\">Rua Cel. Pires, 1465 &#8211; Irati\/PR<br>e-mail:janiskiimoveis@janiskiimoveis.com.br.<\/p><\/div><\/div><\/div><\/div><\/div>\n<\/div>\n<\/div>\n<\/div><\/section>\n\n\n\n<div class=\"wp-block-uagb-google-map uagb-google-map__wrap uagb-block-a7e7e639\"><iframe class=\"uagb-google-map__iframe\" title=\"Google Map for imoliaria janiski Irati - PR, 84500-000\" src=\"https:\/\/www.google.com\/maps\/embed\/v1\/place?key=AIzaSyAsd_d46higiozY-zNqtr7zdA81Soswje4&amp;q=imoliaria%20janiski%20Irati%20-%20PR,%2084500-000&amp;zoom=12&amp;language=pt\" style=\"height:300px\"><\/iframe><\/div>\n","protected":false},"excerpt":{"rendered":"","protected":false},"author":1,"featured_media":0,"parent":0,"menu_order":0,"comment_status":"closed","ping_status":"closed","template":"","meta":{"site-sidebar-layout":"no-sidebar","site-content-layout":"page-builder","ast-main-header-display":"","ast-hfb-above-header-display":"","ast-hfb-mobile-header-display":"","site-post-title":"disabled","ast-breadcrumbs-content":"","ast-featured-img":"","footer-sml-layout":"","theme-transparent-header-meta":"default","adv-header-id-meta":"","stick-header-meta":"","header-above-stick-meta":"","header-main-stick-meta":"","header-below-stick-meta":"","footnotes":""},"class_list":["post-13","page","type-page","status-publish","hentry"],"uagb_featured_image_src":{"full":false,"thumbnail":false,"medium":false,"medium_large":false,"large":false,"1536x1536":false,"2048x2048":false},"uagb_author_info":{"display_name":"admin","author_link":"https:\/\/janiskiimoveis.com.br\/index.php\/author\/admin_testelw\/"},"uagb_comment_info":0,"uagb_excerpt":null,"_links":{"self":[{"href":"https:\/\/janiskiimoveis.com.br\/index.php\/wp-json\/wp\/v2\/pages\/13","targetHints":{"allow":["GET"]}}],"collection":[{"href":"https:\/\/janiskiimoveis.com.br\/index.php\/wp-json\/wp\/v2\/pages"}],"about":[{"href":"https:\/\/janiskiimoveis.com.br\/index.php\/wp-json\/wp\/v2\/types\/page"}],"author":[{"embeddable":true,"href":"https:\/\/janiskiimoveis.com.br\/index.php\/wp-json\/wp\/v2\/users\/1"}],"replies":[{"embeddable":true,"href":"https:\/\/janiskiimoveis.com.br\/index.php\/wp-json\/wp\/v2\/comments?post=13"}],"version-history":[{"count":129,"href":"https:\/\/janiskiimoveis.com.br\/index.php\/wp-json\/wp\/v2\/pages\/13\/revisions"}],"predecessor-version":[{"id":345,"href":"https:\/\/janiskiimoveis.com.br\/index.php\/wp-json\/wp\/v2\/pages\/13\/revisions\/345"}],"wp:attachment":[{"href":"https:\/\/janiskiimoveis.com.br\/index.php\/wp-json\/wp\/v2\/media?parent=13"}],"curies":[{"name":"wp","href":"https:\/\/api.w.org\/{rel}","templated":true}]}}